 y(19) is divided by 2/5 + 472/20?
23
Let j be ((-42)/(-8))/((-3)/8). Let w(f) = f**2 + 7*f - 9. Let r be w(j). Let p = -42 + r. Calculate the remainder when 137 is divided by p.
43
Let p = 581 + -135. Suppose 20*d - 834 - p = 0. What is the remainder when 193 is divided by d?
1
Let i = 690 - 656. Suppose 5*r - 590 = -4*w - 0*w, 4*r - 4*w - 436 = 0. Calculate the remainder when r is divided by i.
12
Let d = 21420 + -21395. Calculate the remainder when 268 is divided by d.
18
Let s = 40 - 70. Let v(t) = -t**2 + 12*t + 39. Let z be v(-5). Let k = s - z. What is the remainder when 27 is divided by k?
11
Let v = 11256 - 11172. Calculate the remainder when 574 is divided by v.
70
Suppose 5*g - 78 = -3*i, 4*i - 96 = i + g. Let n be (7 - 10)*14/(-6). Calculate the remainder when i is divided by ((-31)/n + 1)*77/(-22).
7
Calculate the remainder when 3368/6*204/136 is divided by 114.
44
Let m = -2955 + 8798. Suppose m = 5*d + 1753. What is the remainder when d is divided by 82?
80
Suppose -s + 5*o = -2821, 38*s - 43*s + 14193 = -3*o. Calculate the remainder when s is divided by 158.
155
Let q be ((-300)/350)/(2/(-196)). Suppose -3*s + 5*b = -q, -4*b + 45 = s + 17. What is the remainder when 473 is divided by s?
25
Let g = 24025 - 24008. Calculate the remainder when 89/2 - (-1)/2 is divided by g.
11
Let b = 669 - 423. Let m = 251 - b. What is the remainder when 7 is divided by m?
2
Let i = 12540 - 12451. What is the remainder when 376 is divided by i?
20
Suppose -g + 5*n = -13, -9*g + 7*g - n + 70 = 0. What is the remainder when 3431 is divided by g?
32
Suppose -3*x + 31 + 37 = 2*k, 153 = 5*k - x. What is the remainder when 6322 is divided by k?
29
Let r(o) = -o**3 + 9*o**2 + 82*o - 5. What is the remainder when r(-6) is divided by -5 + (5 - 1) + 3*4?
10
Suppose -3*m + 13 = 2*a, 5*m + 19 = 4*a + 4*m. Let u(b) = b**2 + 6*b - 19. Calculate the remainder when 102 is divided by u(a).
30
Let h be -2*(-3)/((-3)/(-422)) + 5. Suppose -h*q + 856*q = 1078. Suppose -7*f + 2*f + 195 = 0. Calculate the remainder when q is divided by f.
37
Suppose 0 = -3*f - f + 5*w + 1529, 0 = 3*f + 5*w - 1173. Calculate the remainder when 1556 is divided by f.
12
Suppose 0 = 17*l - 0*l + 24*l - 57236. What is the remainder when l is divided by 28?
24
Suppose 4*v - 96 - 64 = 0. Let a = 40 - v. Suppose -4*f - f + 875 = a. Calculate the remainder when f is divided by 44.
43
Let a = 26 - 22. Suppose 0 = 2*i + m - 65, a*i - 4*m - 23 = 77. Suppose i*d - 37*d + 77 = 0. What is the remainder when 130 is divided by d?
9
Suppose -4*j - 4*a = 1736, -3*j + a - 415 = 891. Calculate the remainder when j/(-45) - (2/3 + -1) is divided by 8.
2
Suppose 4*g = 5*f - 47 - 76, -5*f + g + 117 = 0. Calculate the remainder when 657 is divided by f.
13
Let a be 1232/126 + (-2)/(-9). Suppose m + 3 = -2*w, 2*m = 4*m + 5*w + a. Suppose 0 = -m*v + 38 - 13. Calculate the remainder when 7 is divided by v.
2
Suppose f - 14 + 41 = -5*y, -6*y = -f + 72. Let v = -401 - -598. What is the remainder when v is divided by f?
17
Suppose -5*m = -20 - 5. Let g = -10407 - -10489. Calculate the remainder when g is divided by m.
2
Let c(j) = -2*j**2 - 57*j - 65. Calculate the remainder when 1818 is divided by c(-26).
63
Let u = -970 - -975. Suppose 0 = 4*k - 5*v - 2411, -u*k - 1055 = 4*v - 4038. What is the remainder when k is divided by 20?
19
Let r(m) = m**3 + 2*m**2 - 3*m - 15. Let o be r(0). Let z(c) = -c**3 - 16*c**2 - 17*c - 13. What is the remainder when 81 is divided by z(o)?
13
Let k(q) = -q**3 + 31*q**2 - 29*q - 27. Let g be k(30). Calculate the remainder when 24 is divided by 42/(g/1) + 6.
4
Suppose -6309 = 124*q - 23669. What is the remainder when 1683 is divided by q?
3
What is the remainder when (384/(-80))/(3/(-240)) is divided by 71?
29
Let p(u) = -14*u + 8. Let f be p(-16). Suppose 4*k + f = -r + 5*r, 3*r + 4*k - 167 = 0. Calculate the remainder when r is divided by 10.
7
Suppose 0 = -4*m + 137 + 43. Suppose -r = -4*r - m. What is the remainder when (5/((-75)/384))/(3/r) is divided by 43?
42
Let g(d) = 2*d**2 + 6*d + 3. Let s(y) = -20*y - 11. Let m be s(-1). What is the remainder when g(m) is divided by 55?
54
Suppose 0 = -3*c - 3*z + 1500, -c - 2*z = -6*c + 2486. Suppose 0 = 2*m - 0*d + d - c, -4*d - 758 = -3*m. What is the remainder when m is divided by 23?
20
Suppose 4*h - 5*d = 75, -4*h + d = 2*d - 57. Let s be 2904/54 + (-4)/(-18). Suppose -17*k + h*k + s = 0. What is the remainder when k is divided by 5?
2
Suppose 9*x - 34 - 20 = 0. Let u(g) = -2*g**2 + 16*g + 6. Let y be u(8). Suppose 0 = -4*n + 150 + y. Calculate the remainder when n is divided by x.
3
Let x = -83 - -115. Let q(h) = -2*h**3 - 30*h**2 - 47*h - 15. What is the remainder when q(-14) is divided by x?
27
Let f = 418 - 261. What is the remainder when f is divided by 4?
1
Suppose -19*c - 9*m + 10*m = -775, -c + 37 = -m. What is the remainder when c is divided by 3?
2
Suppose -3*s = 3*y - 321, 54*s - 3*y = 52*s + 234. Calculate the remainder when 1235 is divided by s.
14
Let g = -1761 - -1832. Calculate the remainder when 162 is divided by g.
20
Suppose 152 = 3*l + g, -3*g = 4*l + 35 - 241. What is the remainder when l is divided by (-212)/318*3*-9?
14
Let x(s) = -s**3 + 63*s**2 + 14*s - 204. Calculate the remainder when x(63) is divided by 22.
18
Let b(c) = 84*c - 1. Let x(l) = -l**2 + 5*l + 88. Let t be x(0). Let w = t - 59. Calculate the remainder when b(1) is divided by w.
25
Suppose -2*n + 2*m = -4*n - 8, n - m = 4. Suppose n = -f - 14 + 16. Calculate the remainder when 134 is divided by 3 - 518/(-12) - f/12.
42
Calculate the remainder when (5988/14)/(165/770) is divided by 77.
71
Let o(z) be the second derivative of -z**4/12 - 37*z**3/6 + 7*z**2 - 29*z + 1. Calculate the remainder when o(-33) is divided by 50.
46
Let c(d) be the second derivative of 0 - 1/12*d**4 + 23/6*d**3 - 14*d + 21/2*d**2. What is the remainder when c(19) is divided by 20?
17
Let j = 131 - 131. Suppose -5*n + 13 + 22 = j. What is the remainder when 33 is divided by n?
5
What is the remainder when 1309 is divided by 1 + (-196)/(-11) - 2340/(-12870)?
17
Suppose 3*l - 30 = -3*c, -l + 14 = -15*c + 17*c. Let b(s) = 6*s + 137. Calculate the remainder when b(l) is divided by 22.
19
What is the remainder when 382 is divided by (686 + -16)*(-18)/(-36)?
47
Suppose -14*s + 1978 = 32. Calculate the remainder when s is divided by 36.
31
Suppose 6*l + 240 = 469 + 485. Calculate the remainder when 1664 is divided by l.
117
Let j be (-1 + 3)*178/(-4). Suppose -4*s + 5*g - 494 = 0, -49*g = -54*g - 10. Let c = j - s. Calculate the remainder when c is divided by 10.
7
Suppose 0 = -2*t - 4*q + 36, -q = -t + 2*q - 7. Let k = 55 + t. Suppose -865*r = -140*r - 6819 - 1156. What is the remainder when k is divided by r?
8
Let v(z) = 4*z**2 + 4*z - 22. Let r be v(6). Suppose 10*j - 248 = -2*x + 5*j, 3*j + r = x. Calculate the remainder when x is divided by 41.
11
Let a(g) be the first derivative of 171*g**2/2 + 20*g + 53. What is the remainder when a(2) is divided by 52?
50
Let n(p) be the first derivative of p**4/4 - 4*p**3/3 - 5*p**2/2 - 16*p + 47. Calculate the remainder when n(7) is divided by 33.
30
Suppose v + 5*v = -2*v. Let j be v/(0 - -1 - -1). What is the remainder when 55 is divided by j*(-2)/8 - -14?
13
Let q = -100 - -109. What is the remainder when (-4563)/(-45) - q/(-15) is divided by 22?
14
What is the remainder when 80560/19 + 0/(-1) + 6 is divided by 72?
70
Let h(x) = -x**3 - 11*x**2 - 6*x - 7. Let g = -3495 - -3500. Calculate the remainder when h(-11) is divided by g.
4
Suppose -3*m + 5616 = -i, m - 396 = 5*i + 1476. What is the remainder when m is divided by 468?
0
Suppose k - 448 = -x, -2*x - 4*k = -685 - 199. What is the remainder when x is divided by 449?
5
Suppose -3*t + 172 + 230 = 0. Let x = 65330 + -65315. What is the remainder when t is divided by x?
14
Suppose 46*o - 2130228 = -257*o - 120*o. Calculate the remainder when o is divided by 58.
48
Let z = -6 - -8. Let j be (4/8)/(4/80*z). Suppose -j*o - 5*w = 27 - 77, -2*w = 5*o - 35. What is the remainder when 38 is divided by o?
3
Suppose -80*c = -27315 + 2675. Calculate the remainder when 626 is divided by c.
10
Let g(r) = 74*r + 181. Calculate the remainder when g(4) is divided by 80.
77
Let w(v) = -v**2 - 23